 15, what is -67d - -46?
-637
In base 13, what is -21130 - -2?
-2112b
In base 5, what is -2213 + -1034?
-3302
In base 11, what is -348 + a2?
-256
In base 2, what is 10011110000 + -101010?
10011000110
In base 5, what is -1 + 100023201?
100023200
In base 15, what is -95e + 5b?
-903
In base 15, what is -c5be - -7?
-c5b7
In base 6, what is 15412345 - 3?
15412342
In base 5, what is -3 - 101013001?
-101013004
In base 4, what is 310001 + 1202?
311203
In base 13, what is 17 - 36b4?
-369a
In base 13, what is -708 - 4?
-70c
In base 16, what is -51e4 - -14?
-51d0
In base 5, what is 343130 + 0?
343130
In base 7, what is 34 + 4120?
4154
In base 13, what is -8571 + -1c?
-8590
In base 9, what is 7238 + -2?
7236
In base 7, what is -263023 + 5?
-263015
In base 2, what is 11 - -11000111111001100011?
11000111111001100110
In base 14, what is -8c61 - -5?
-8c5a
In base 11, what is -24197 + 1?
-24196
In base 16, what is -3 + -17e26?
-17e29
In base 3, what is 10202 - -100210202?
100221111
In base 4, what is -10 - -2113012?
2113002
In base 4, what is -2020012 - 1113?
-2021131
In base 7, what is 1 - 241260?
-241256
In base 3, what is -20210 - -2?
-20201
In base 13, what is -7 + -472a2?
-472a9
In base 6, what is 1 + -14312512?
-14312511
In base 11, what is 7 + -191039?
-191032
In base 12, what is 2b - -8233?
8262
In base 5, what is -323230 + 4?
-323221
In base 11, what is -2825433 - 5?
-2825438
In base 16, what is -47 - -2d8?
291
In base 3, what is 11202112 - -1010?
11210122
In base 8, what is -4 - -47122?
47116
In base 13, what is -2794 - -92?
-2702
In base 16, what is -9eee + 1?
-9eed
In base 3, what is -1012010212 - 21100?
-1012102012
In base 8, what is -4 + -2263771?
-2263775
In base 13, what is 4 - -178927?
17892b
In base 6, what is 5 + -100150?
-100141
In base 14, what is -89299 + 3?
-89296
In base 7, what is 31042354 + -2?
31042352
In base 6, what is 54 + 1343?
1441
In base 9, what is 1015105 - 2?
1015103
In base 7, what is -13314326 + 5?
-13314321
In base 3, what is 21212012200 - -11?
21212012211
In base 10, what is -1 - -1744523?
1744522
In base 13, what is -7 + 2c97?
2c90
In base 16, what is 1cc51 - 4?
1cc4d
In base 12, what is -157 - 7a2?
-939
In base 11, what is -2 + -4542?
-4544
In base 16, what is 190d4 + -4?
190d0
In base 4, what is -3 + 3121112?
3121103
In base 13, what is 37 + -37c?
-345
In base 5, what is -4044 + -1043?
-10142
In base 4, what is 32112 + 10222?
103000
In base 7, what is 0 - -12000222?
12000222
In base 15, what is -225 + -8d?
-2b3
In base 14, what is -20415 - c?
-20423
In base 5, what is -43 - 30?
-123
In base 7, what is -33552656 + 1?
-33552655
In base 8, what is 1246 - 400?
646
In base 6, what is 15 + 2013?
2032
In base 6, what is 0 + -24543?
-24543
In base 12, what is -1a84 + 9?
-1a77
In base 2, what is -11011110011 + -11010?
-11100001101
In base 14, what is db - -36?
133
In base 11, what is 5 - 17644?
-1763a
In base 5, what is 13132 - -4?
13141
In base 15, what is 8 - -10ebd?
10ec6
In base 15, what is 6c5 - -2e?
704
In base 14, what is -192a6 - 4?
-192aa
In base 3, what is 1 + 102100201222?
102100202000
In base 12, what is -13a8a8 - 2?
-13a8aa
In base 16, what is 1a7a - -2?
1a7c
In base 8, what is 107717 + -2?
107715
In base 2, what is -10 - 110011010110101001?
-110011010110101011
In base 8, what is -13 + 1075?
1062
In base 8, what is 15744001 - -2?
15744003
In base 9, what is -45501 - 24?
-45525
In base 7, what is 2013122 - 5?
2013114
In base 2, what is 1000111111101101 + 11?
1000111111110000
In base 13, what is -55850 + 4?
-55849
In base 11, what is 5a + 17733?
17792
In base 2, what is 110100010100011000100 + 0?
110100010100011000100
In base 15, what is 1762b + 0?
1762b
In base 8, what is -1532 - -411?
-1121
In base 2, what is -11010011001101011 + 1?
-11010011001101010
In base 16, what is -3 + 2bf0?
2bed
In base 7, what is -212201 + -20?
-212221
In base 14, what is -6d6 + 70?
-666
In base 7, what is -2 + -150150?
-150152
In base 9, what is -161 + 160?
-1
In base 8, what is -360 - 205?
-565
In base 3, what is 100020002 - -1?
100020010
In base 15, what is -4e37e2 + -5?
-4e37e7
In base 10, what is 2 - 434102?
-434100
In base 11, what is 2 + 83190?
83192
In base 2, what is 1111111 - 1000000000?
-110000001
In base 6, what is -222014 - 31?
-222045
In base 13, what is -528a0 - -3?
-5289a
In base 11, what is -71 - -111?
50
In base 16, what is -123 - -88?
-9b
In base 14, what is 5a369 - 5?
5a364
In base 15, what is 7605 + 31?
7636
In base 15, what is -27e - 78?
-307
In base 15, what is -160 + -b?
-16b
In base 14, what is 3 - 22b82?
-22b7d
In base 4, what is -22230 + 13303?
-2321
In base 10, what is -102 + -9131?
-9233
In base 3, what is 10 + -21111022121?
-21111022111
In base 9, what is 140 - -12140?
12280
In base 11, what is 697 - 54?
643
In base 10, what is -7929 - 429?
-8358
In base 7, what is 36 - 301?
-232
In base 8, what is 22 - -30230?
30252
In base 16, what is -6 - -72?
6c
In base 8, what is 101517 - 2?
101515
In base 11, what is 925918 - 2?
925916
In base 6, what is 13220 - 5051?
4125
In base 9, what is 0 - 64081?
-64081
In base 11, what is -364a04 - 1?
-364a05
In base 15, what is 0 - -c3ad?
c3ad
In base 7, what is -430 + 324?
-103
In base 2, what is 1101000101000 - 11001101?
1100101011011
In base 4, what is -11120021032 + 0?
-11120021032
In base 4, what is -100 - -122130?
122030
In base 3, what is 12212021 + -2110?
12202211
In base 9, what is -143883 - 2?
-143885
In base 14, what is -a - -380a?
3800
In base 16, what is -c + -22f?
-23b
In base 13, what is 1b4 + 2491?
2675
In base 4, what is -1011 + -10?
-1021
In base 5, what is -32323 - 24411?
-112234
In base 16, what is 12c - 37a?
-24e
In base 13, what is 12 - 1c91?
-1c7c
In base 16, what is -498f - -1f?
-4970
In base 8, what is 3153 + 450?
3623
In base 10, what is -11 - -440?
429
In base 11, what is 16 - -1014?
102a
In base 5, what is 0 + 1032010?
1032010
In base 9, what is 535 + -736?
-201
In base 12, what is -1472 - b?
-1481
In base 13, what is 5 + -37870?
-37868
In base 2, what is -11000 - -100000001000001?
100000000101001
In base 3, what is -102201022021 - 10?
-102201022101
In base 3, what is 12 - -101122012?
101122101
In base 10, what is 125 - 475?
-350
In base 5, what is -3 - 13433?
-13441
In base 2, what is 10000110101 - -10101110111?
100110101100
In base 12, what is 905a + -3?
9057
In base 16, what is 42 + 1f?
61
In base 12, what is 34 - -387?
3bb
In base 10, what is 5 - 382870?
-382865
In base 2, what is 101011010000 + -1111110000?
11011100000
In base 16, what is -208a - 1e?
-20a8
In base 7, what is 14131351 - 3?
14131345
In base 13, what is 1c3595 + -3?
1c3592
In base 2, what is -100 - 10111011010010101000?
-10111011010010101100
In base 5, what is 3 - 10141021?
-10141013
In base 4, what is -1 + 21022120?
21022113
In base 15, what is -4ed + -20b?
-709
In base 2, what is -10110011101100 - -100110?
-10110011000110
In base 10, what is -15547 - -6?
-15541
In base 5, what is 200111 - 112?
144444
In base 8, what is 717240 - 0?
717240
In base 12, what is 2 + -912?
-910
In base 14, what is -140 - 19d?
-2dd
In base 6, what is -112 + 101523?
101411
In base 12, what is -88 - -9a?
12
In base 6, what is -400215 + 5?
-400210
In base 3, what is -2 + -100011101200?
-100011101202
In base 15, what is -79392 - -2?
-79390
In base 3, what is -12 + -101212201011?
-101212201100
In base 12, what is 32 - -666?
698
In base 10, what is -398 - -1479?
1081
In base 10, what is -9 + -252905?
-252914
In base 10, what is 760614 - 2?
760612
In base 15, what is 2 - -3850?
3852
In base 12, what is 1651a + -7?
16513
In base 7, what is -46 + -120422?
-120501
In base 6, what is 3 - -330330?
330333
In base 15, what is -8b + 284a?
27ae
In base 3, what is -201 + -1102102112?
-1102110020
In base 6, what is 1020251 + 4?
1020255
In base 11, what is 26 - -4799?
4814
In base 8, what is -11504 - -53?
-11431
In base 13, what is -130 - 591?
-6c1
In base 9, what is 36 - -15372?
15418
In base 15, what is 16 + -525a?
-5244
In base 9, what is 268 - -11?
280
In base 9, what is -126721 - -5?
-126715
In base 9, what is 61 - 17703?
-17632
In base 4, what is 33002322 + -3?
33002313
In base 2, what is 10111010 + -101110?
10001100
In base 2, what is 10000101101010 - -10011?
10000101111101
In base 8, what is -3171 - 1217?
-441